6*n + 3 + 7 - 2. Let y be v(-6). Let h(a) = -600 + 2*a**2 + 595 - 3*a**2 + 5*a. What is h(y)?
-1
Let t(d) = -d**3 + 3*d**2 + 4*d - 2. Let l be 1 + 4 - (1 - -1). What is t(l)?
10
Let m(i) = -35*i + 2 + 19*i + 15*i - 1. Suppose 0 = -2*x - 2 - 0. Let d(v) = -3*v + 16. Let q(k) = x*d(k) + 4*m(k). Calculate q(0).
-12
Let m(p) be the second derivative of 0 - 5/6*p**3 + p - 3/2*p**2 + 1/12*p**4. Let v(o) = 7*o**2 - 66*o + 32. Let u be v(9). Determine m(u).
-3
Let v(j) = j**3 - 3*j**2 - 2*j + 8. Let l be v(4). Suppose 4*q = -8 - l. Let d(b) = b**3 + 7*b**2 + 7*b. Give d(q).
-6
Let m(j) = j**2 - 1. Let k be m(2). Let c(p) = -5*p**3 + 32*p**2 + 4*p - 18. Let t(f) = -2*f**3 + 11*f**2 + f - 6. Let u(g) = k*c(g) - 8*t(g). Calculate u(-7).
15
Let g(i) be the third derivative of -1/24*i**4 - 10*i**2 + 0*i - 3/2*i**3 + 0. Calculate g(-5).
-4
Let z(v) = 2*v + 1 + 0*v + 5 + 3*v. Let a(l) = 4*l + 5. Suppose -5*p - 25 = 2*x + 3*x, -5*p = -3*x - 7. Let f(o) = x*a(o) + 3*z(o). Determine f(4).
-6
Let q(h) = -h**2 + 9*h + 7. Let r be 48/(6 - 3) - 7. Determine q(r).
7
Let x be (-1)/(-2*(-1)/(-16)). Let k = x - 10. Let u be -1*((3 - 2) + k). Let c(r) = -10*r. Calculate c(u).
-10
Let j(f) = -4*f**2 - 6*f - 1. Let z(n) = -8*n**2 - 11*n - 2. Let y(q) = -5*j(q) + 3*z(q). Calculate y(-2).
-11
Suppose -55 + 49 = -2*l. Let m(b) = -11*b**l + b - 19*b**3 + 29*b**3. Determine m(-2).
6
Let r = -6 + 1. Let z(a) = -a**3 + 6*a**2 - 4*a - 3. Let s be z(5). Let o(l) = 1 + s*l - 4 + 10. Calculate o(r).
-3
Let t = -17 + 19. Let j(k) = -4*k + 11*k - t + 3 - 2. Give j(-1).
-8
Suppose 3*t - 13 = -2*g - 2*t, -3*g = -4*t - 8. Let x = g - -3. Let r(y) = -2*y + 44. Let j(f) = -f + 18. Let z(b) = 3*j(b) - r(b). Calculate z(x).
3
Let b(m) be the first derivative of -4*m**3/3 - 3*m**2/2 - 2*m - 78. Give b(-2).
-12
Let b(s) be the third derivative of s**4/12 - 7*s**3/6 - s**2. Let q(n) = n - 4. Let m(z) = 6*b(z) - 11*q(z). What is m(-6)?
-4
Suppose 16 - 4 = 2*c. Let h(i) = -7*i**2 + 7*i - 2. Let x(z) = 20*z**2 - 21*z + 6. Let a(k) = 17*h(k) + 6*x(k). Give a(c).
-4
Let s(p) = -2*p**2 - 17*p + 8. Let m(a) = -a**2 - 3*a - 1. Let h(w) = 3*m(w) - s(w). Determine h(6).
1
Let q(x) = x**2 + 3*x - 3. Let b be -5 - ((-33)/18 - (-5)/(-30)). What is q(b)?
-3
Let g(h) = -2 + 15*h + 5*h**3 - h**3 - 16*h**2 + 3*h**3 - 6*h**3 + 0*h**3. What is g(15)?
-2
Let s = -884 + 887. Let l(c) = 7*c - 7. Calculate l(s).
14
Let a = -25 - -27. Let x(n) = a + n**2 - 5*n + 8*n + 6*n. Calculate x(-4).
-18
Suppose -5*f = -2*w - 18 + 1, -11 = -2*f + 5*w. Let d(x) = -2*x**3 + 4*x**2 - 3*x + 1. Calculate d(f).
-26
Suppose 7*o = -4*m + 4*o - 27, -24 = 4*m + 4*o. Let a(v) = -v**3 - 9*v**2 + 9. What is a(m)?
9
Let m(r) = 7*r**2 - r**3 + 10717*r - 10727*r + 2*r**2 - 5. Calculate m(8).
-21
Let u be 4/4*(-6)/1. Let k(d) be the third derivative of d**3/6 - 2*d**2. Let g(a) = a + 2. Let m(i) = u*k(i) - g(i). Give m(-6).
-2
Let c be 114/(-12) - 21/(-14). Let u(v) = v**2 + 8*v - 1. Give u(c).
-1
Let u(x) = 7*x + 8. Suppose 4*i - 10*i = -6. Let y(z) = -z + 1. Let p(k) = i*u(k) - 5*y(k). Calculate p(-2).
-21
Let w(m) = 2*m - 3. Let a = -96 + 46. Let x = a + 54. What is w(x)?
5
Let d(p) = -2*p**3 - 7*p**2 - 2*p + 8. Let y(o) = -o**3. Let q(g) = d(g) - 3*y(g). Calculate q(7).
-6
Let y(f) be the third derivative of -f**4 - f**3/3 - f**2 - 3. Determine y(-2).
46
Let s(v) = -5*v**2 - 14*v - 3. Let y be s(-3). Let b(n) = -n**3 - 6*n**2 - 3*n - 15. Calculate b(y).
3
Suppose 0 = 4*d - 3*h - 49, -3*d + 2*h = -h - 39. Suppose -18 = -t + d*t. Let w(q) = -6*q + 4. Let m(r) = -r + 1. Let c(l) = -2*m(l) + w(l). Determine c(t).
10
Suppose k - 1 - 6 = 0. Let l(a) be the third derivative of a**4/24 + 2*a**3/3 + 9*a**2. Determine l(k).
11
Let s = 1080 - 1074. Let q(k) = k**3 - 5*k**2 - 2*k - 2. What is q(s)?
22
Let t(v) be the third derivative of v**6/120 + 4*v**3/3 + 464*v**2. Suppose -6*h = -2*h. What is t(h)?
8
Let a(i) = 3*i**2 + i - 1. Let v(b) = -b**3 + 3*b**2 - 2*b + 1. Let k be v(2). Suppose -4*u - n + 0 - k = 0, -2*u - 18 = 4*n. What is a(u)?
3
Let p = 20 - 17. Let b(x) be the first derivative of -2*x**3/3 + 3*x**2/2 + 3*x - 11. Calculate b(p).
-6
Let a(b) = -b - 36*b**3 + 2*b - 7*b**2 + 37*b**3 + 3*b**2 + 1 + 0. Give a(4).
5
Let l(c) = -5 + 3*c**2 + 4 - c**2 + 6 + 3*c. Give l(-2).
7
Let i(w) = -w + 21*w - 28*w. Give i(1).
-8
Suppose 2*r = -3 - 5, -26 = -3*g + 2*r. Suppose -11*c + g*c + 25 = 0. Let k(w) = w - 2. Let h(z) = z - 3. Let u(j) = 3*h(j) - 4*k(j). Calculate u(c).
-6
Suppose -5 = 3*l - o - 6, -3*l + 11 = 4*o. Let x be ((-15)/(-5) - l)*7/2. Let u(p) = p - 10. What is u(x)?
-3
Let i(q) = q + 6. Let s be (-2 - 0)/2*11. Let b = 120 + -136. Let y = b - s. Give i(y).
1
Let u(w) = 3*w - w - 2*w**2 + 0*w - 22 + 16. What is u(0)?
-6
Let q(c) = 5 + 2*c + 3*c**2 + 2 - 10*c**2 - c**3. Let m be 2*((-1)/9 - ((-747)/162 - -8)). Give q(m).
-7
Let p(f) be the third derivative of 7/24*f**4 + 0 + 1/120*f**6 + 1/10*f**5 + 0*f - 3*f**2 + 1/6*f**3. Calculate p(-5).
-9
Let o be (-92)/22 - 44/(-242). Let k(x) be the first derivative of x**4/4 + 2*x**3 + 5*x**2/2 + 5*x + 1. What is k(o)?
17
Let y = -68 - -85. Let f = 23 - y. Let l(m) = -m + 13. Determine l(f).
7
Let y(p) = p + 7. Suppose 2*c - 63 = -3*q + 18, 0 = 4*q - 5*c - 85. Suppose -1 = 3*d - 3*t + 14, 5*d - t + q = 0. What is y(d)?
2
Let a(w) be the second derivative of 5*w**3/3 - w**2/2 - 20*w - 9. Let y = 2 + -3. Give a(y).
-11
Let z be 8/3 - 8/12. Suppose -z*r + 2 = 0, r + 2 = -5*n - 2. Let v be -5 - -5 - (1 + n). Let h(y) = -y - 8. Determine h(v).
-8
Let k(r) be the first derivative of r**3/3 - 3*r**2 + 3. Let c be (-20)/(-5)*(-1)/(-1). Suppose 3 = c*t - 3*t. What is k(t)?
-9
Suppose -l - m - 14 = -3*m, -5*l = -2*m + 62. Let w be (-3 - 28/(-8))/(3/l). Let d(y) = y**2 - 2*y - 3. Calculate d(w).
5
Suppose l = 4*l. Suppose 5 = q - l*t + 2*t, -5*t = 2*q - 10. Let f(c) = 5 - q - c. Calculate f(1).
-1
Let w be (-22)/11 + 0 + 1. Let s(j) be the third derivative of 7*j**4/24 - j**3/6 + 28*j**2. Calculate s(w).
-8
Let m(w) = 4*w**2 - 5397*w + 1 + 10*w**2 + 5396*w. Let t(x) = x - 2. Let f be t(3). Determine m(f).
14
Suppose -5*d = -3*q + 10, -q + 2*d = 4*q - 23. Let p(w) = w**3 - 4*w**2 - 7. Give p(q).
18
Suppose -4*m + 2*a = -3*m + 8, -5*m - 66 = 3*a. Let f(c) = -c**2 - 11*c + 6. What is f(m)?
-6
Let o(h) = h**2 + 4*h + 2. Let k(q) = -5*q**2 + q + 1. Let b be k(1). What is o(b)?
-1
Suppose 0 = 18*n - 35*n - 51. Let j(x) = 16*x + 3. What is j(n)?
-45
Let p(y) = -2*y - 7. Let n = 1179 + -1182. Give p(n).
-1
Let m(g) = -g**3 - 2*g**2 - g - 1. Suppose -k = -3*b - 1, -3*b - 17 = 4*k + 9. Give m(b).
1
Let r(t) be the first derivative of -t**2/2 + 3*t - 2. Let h be ((-7)/7)/(3/(-93)). Let a = h - 36. What is r(a)?
8
Let w(l) = 2*l**2 + 3*l + 1. Let g(o) = o**2 - 10*o - 9. Let h(t) = g(t) - w(t). What is h(-12)?
2
Let l(y) = -62*y**2 - 8*y + 4. Let a(t) = -16*t**2 - 2*t + 1. Let c(m) = 9*a(m) - 2*l(m). Determine c(1).
-21
Let n(c) be the third derivative of c**5/60 - c**4/24 - 13*c**3/6 - 243*c**2 - 1. Give n(6).
17
Let j(u) be the first derivative of -2*u**2 + 4*u - 1. Let n be (-6)/5 - 72/40. Determine j(n).
16
Let r(t) be the third derivative of -t**7/2520 + t**6/720 - t**5/120 + t**4/3 + 16*t**2. Let q(g) be the second derivative of r(g). Determine q(-3).
-13
Suppose -5*n + 5 + 5 = 0. Let o(y) = 3*y**n - 112 + 122 + y**3 - 10*y**2. Determine o(7).
10
Suppose 3*h - 77*d + 73*d = -8, 4 = 2*h + 2*d. Let v(a) be the second derivative of 1/3*a**4 + 1/2*a**3 + a**2 - a + h + 1/10*a**5. Determine v(-2).
-4
Let d(c) be the third derivative of c**6/120 + 13*c**5/60 + c**4/2 - 5*c**3/2 + 16*c**2. What is d(-12)?
-15
Let i be (-1)/(1/7*-1). Let t(g) = -5*g - 3. Let q(y) = 6*y + 4. Let j(v) = i*t(v) + 6*q(v). What is j(-5)?
-2
Suppose -f + 5*q = 3*f + 31, 4*f - 2*q = -22. Let u(k) = -2*k - 6 + k + 3. Give u(f).
1
Let p(t) = -3*t - 1. Let k(g) = -g**2 + 9. Let q be k(-4). Let m(c) = -2*c - 13. Let n be m(q). What is p(n)?
-4
Let p(s) = s + 2*s - 5 - 4*s. Let o = -451 + 447. Give p(o).
-1
Let n(l) = -6*l + 9. Let o be (-10)/75 + (-4)/(-30) + 7. Determine n(o).
-33
Let d(i) = -i**3 - i**2 + 5*i + 2. Let y be d(-3). Let s(o) = o**2 + o + 1. Let x(w) = -2 - 6 - 4*w**2 + 72*w - 80*w. Let j(t) = 5*s(t) + x(t). Give j(y).
7
Let i = -559 